{"id":34,"date":"2024-10-02T13:19:49","date_gmt":"2024-10-02T13:19:49","guid":{"rendered":"https:\/\/m-arte.marcomasetti.biz\/?page_id=34"},"modified":"2024-10-02T13:29:42","modified_gmt":"2024-10-02T13:29:42","slug":"m-arte-gallery","status":"publish","type":"page","link":"https:\/\/m-arte.marcomasetti.biz\/it\/m-arte-gallery\/","title":{"rendered":"M-ArTe Gallery"},"content":{"rendered":"<h4 class=\"wp-block-heading alignfull has-text-align-center\">\u201cSi usa uno specchio di vetro per guardare\u00a0il viso\u00a0e si usano le opere d&#8217;arte per guardare\u00a0la propria anima.\u201d\u00a0<\/h4><p class=\"has-text-align-right\"><em>GEORGE BERNARD SHAW<\/em><\/p><div class=\"wp-block-columns are-vertically-aligned-center is-layout-flex wp-container-core-columns-is-layout-28f84493 wp-block-columns-is-layout-flex\"><div class=\"wp-block-column is-vertically-aligned-center is-layout-flow wp-block-column-is-layout-flow\" style=\"flex-basis:66.66%\"><figure class=\"wp-block-image size-large\"><img loading=\"lazy\" decoding=\"async\" width=\"683\" height=\"1024\" src=\"https:\/\/m-arte.marcomasetti.biz\/wp-content\/uploads\/2024\/10\/salvador-dali-2335877_1920-683x1024.jpg\" alt=\"\" class=\"wp-image-35\" srcset=\"https:\/\/m-arte.marcomasetti.biz\/wp-content\/uploads\/2024\/10\/salvador-dali-2335877_1920-683x1024.jpg 683w, https:\/\/m-arte.marcomasetti.biz\/wp-content\/uploads\/2024\/10\/salvador-dali-2335877_1920-600x900.jpg 600w, https:\/\/m-arte.marcomasetti.biz\/wp-content\/uploads\/2024\/10\/salvador-dali-2335877_1920-200x300.jpg 200w, https:\/\/m-arte.marcomasetti.biz\/wp-content\/uploads\/2024\/10\/salvador-dali-2335877_1920-768x1152.jpg 768w, https:\/\/m-arte.marcomasetti.biz\/wp-content\/uploads\/2024\/10\/salvador-dali-2335877_1920-1024x1536.jpg 1024w, https:\/\/m-arte.marcomasetti.biz\/wp-content\/uploads\/2024\/10\/salvador-dali-2335877_1920.jpg 1280w\" sizes=\"auto, (max-width: 683px) 100vw, 683px\" \/><\/figure><\/div>\n\n<div class=\"wp-block-column is-vertically-aligned-center is-layout-flow wp-block-column-is-layout-flow\" style=\"flex-basis:33.33%\"><h4 class=\"wp-block-heading\">\u201cL&#8217;arte scuote dall&#8217;anima\u00a0la polvere accumulata nella\u00a0vita\u00a0di tutti i\u00a0giorni.\u201d   <br><\/h4>\n\n<p><br><em>      PABLO PICASSO<\/em><\/p><\/div><\/div><p>L&#8217;arte \u00e8 quella cosa apparentemente inutile che arricchisce la nostra quotidianit\u00e0 e conferisce significato all&#8217;umana esistenza. Pur essendo priva di uno scopo pratico, possiede la straordinaria capacit\u00e0 di toccare l&#8217;anima, evocare profonde emozioni, suscitare sentimenti intensi e trasmettere esperienze che vanno al di l\u00e0 delle parole\u2026<\/p><p>L\u2019arte \u00e8 fine a se stessa, ma senza di Lei l\u2019umanit\u00e0 non avrebbe raggiunto lo stesso livello di evoluzione, poich\u00e9 rappresenta la forma pi\u00f9 pura e autentica di espressione umana. Fin dai tempi dei nostri antenati, che scolpivano figure nel legno o riportavano i loro pensieri e storie sulle pareti delle caverne, l&#8217;arte ha giocato un ruolo cruciale nel nostro sviluppo culturale e sociale.<\/p><p><\/p>","protected":false},"excerpt":{"rendered":"<p>\u201cSi usa uno specchio di vetro per guardare\u00a0il viso\u00a0e si usano le opere d&#8217;arte per guardare\u00a0la propria anima.\u201d\u00a0 GEORGE BERNARD SHAW \u201cL&#8217;arte scuote dall&#8217;anima\u00a0la polvere accumulata nella\u00a0vita\u00a0di tutti i\u00a0giorni.\u201d PABLO [&hellip;]<\/p>","protected":false},"author":1,"featured_media":0,"parent":0,"menu_order":0,"comment_status":"closed","ping_status":"closed","template":"","meta":{"_monsterinsights_skip_tracking":false,"_monsterinsights_sitenote_active":false,"_monsterinsights_sitenote_note":"","_monsterinsights_sitenote_category":0,"_EventAllDay":false,"_EventTimezone":"","_EventStartDate":"","_EventEndDate":"","_EventStartDateUTC":"","_EventEndDateUTC":"","_EventShowMap":false,"_EventShowMapLink":false,"_EventURL":"","_EventCost":"","_EventCostDescription":"","_EventCurrencySymbol":"","_EventCurrencyCode":"","_EventCurrencyPosition":"","_EventDateTimeSeparator":"","_EventTimeRangeSeparator":"","_EventOrganizerID":[],"_EventVenueID":[],"_OrganizerEmail":"","_OrganizerPhone":"","_OrganizerWebsite":"","_VenueAddress":"","_VenueCity":"","_VenueCountry":"","_VenueProvince":"","_VenueState":"","_VenueZip":"","_VenuePhone":"","_VenueURL":"","_VenueStateProvince":"","_VenueLat":"","_VenueLng":"","_VenueShowMap":false,"_VenueShowMapLink":false,"footnotes":""},"class_list":["post-34","page","type-page","status-publish","hentry"],"aioseo_notices":[],"jetpack_sharing_enabled":true,"_links":{"self":[{"href":"https:\/\/m-arte.marcomasetti.biz\/it\/wp-json\/wp\/v2\/pages\/34","targetHints":{"allow":["GET"]}}],"collection":[{"href":"https:\/\/m-arte.marcomasetti.biz\/it\/wp-json\/wp\/v2\/pages"}],"about":[{"href":"https:\/\/m-arte.marcomasetti.biz\/it\/wp-json\/wp\/v2\/types\/page"}],"author":[{"embeddable":true,"href":"https:\/\/m-arte.marcomasetti.biz\/it\/wp-json\/wp\/v2\/users\/1"}],"replies":[{"embeddable":true,"href":"https:\/\/m-arte.marcomasetti.biz\/it\/wp-json\/wp\/v2\/comments?post=34"}],"version-history":[{"count":3,"href":"https:\/\/m-arte.marcomasetti.biz\/it\/wp-json\/wp\/v2\/pages\/34\/revisions"}],"predecessor-version":[{"id":39,"href":"https:\/\/m-arte.marcomasetti.biz\/it\/wp-json\/wp\/v2\/pages\/34\/revisions\/39"}],"wp:attachment":[{"href":"https:\/\/m-arte.marcomasetti.biz\/it\/wp-json\/wp\/v2\/media?parent=34"}],"curies":[{"name":"wp","href":"https:\/\/api.w.org\/{rel}","templated":true}]}}

<h4 class="wp-block-heading alignfull has-text-align-center">“Si usa uno specchio di vetro per guardare il viso e si usano le opere d&#8217;arte per guardare la propria anima.” </h4><p class="has-text-align-right"><em>GEORGE BERNARD SHAW</em></p><div class="wp-block-columns are-vertically-aligned-center is-layout-flex wp-container-core-columns-is-layout-28f84493 wp-block-columns-is-layout-flex"><div class="wp-block-column is-vertically-aligned-center is-layout-flow wp-block-column-is-layout-flow" style="flex-basis:66.66%"><figure class="wp-block-image size-large"><img loading="lazy" decoding="async" width="683" height="1024" src="https://m-arte.marcomasetti.biz/wp-content/uploads/2024/10/salvador-dali-2335877_1920-683x1024.jpg" alt="" class="wp-image-35" srcset="https://m-arte.marcomasetti.biz/wp-content/uploads/2024/10/salvador-dali-2335877_1920-683x1024.jpg 683w, https://m-arte.marcomasetti.biz/wp-content/uploads/2024/10/salvador-dali-2335877_1920-600x900.jpg 600w, https://m-arte.marcomasetti.biz/wp-content/uploads/2024/10/salvador-dali-2335877_1920-200x300.jpg 200w, https://m-arte.marcomasetti.biz/wp-content/uploads/2024/10/salvador-dali-2335877_1920-768x1152.jpg 768w, https://m-arte.marcomasetti.biz/wp-content/uploads/2024/10/salvador-dali-2335877_1920-1024x1536.jpg 1024w, https://m-arte.marcomasetti.biz/wp-content/uploads/2024/10/salvador-dali-2335877_1920.jpg 1280w" sizes="auto, (max-width: 683px) 100vw, 683px" /></figure></div>

<div class="wp-block-column is-vertically-aligned-center is-layout-flow wp-block-column-is-layout-flow" style="flex-basis:33.33%"><h4 class="wp-block-heading">“L&#8217;arte scuote dall&#8217;anima la polvere accumulata nella vita di tutti i giorni.”   <br></h4>

<p><br><em>      PABLO PICASSO</em></p></div></div><p>L&#8217;arte è quella cosa apparentemente inutile che arricchisce la nostra quotidianità e conferisce significato all&#8217;umana esistenza. Pur essendo priva di uno scopo pratico, possiede la straordinaria capacità di toccare l&#8217;anima, evocare profonde emozioni, suscitare sentimenti intensi e trasmettere esperienze che vanno al di là delle parole…</p><p>L’arte è fine a se stessa, ma senza di Lei l’umanità non avrebbe raggiunto lo stesso livello di evoluzione, poiché rappresenta la forma più pura e autentica di espressione umana. Fin dai tempi dei nostri antenati, che scolpivano figure nel legno o riportavano i loro pensieri e storie sulle pareti delle caverne, l&#8217;arte ha giocato un ruolo cruciale nel nostro sviluppo culturale e sociale.</p><p></p>
